f c and 26?
13
Let k = 71 - 64. What is the greatest common factor of 28 and k?
7
Let f(c) = -c**3 - 15*c**2 - 13*c + 14. Let q be f(-14). Suppose -13 + 1 = -2*v. Let h = v + q. What is the highest common factor of 24 and h?
6
Let l = 21 + -15. Suppose -l*h = -9*h + 120. Calculate the highest common factor of 5 and h.
5
Let n be 0/2 + 1*3. Let q = n + 1. Suppose u + 20 = 5*u - 4*z, 0 = 2*u + 2*z - 22. Calculate the greatest common divisor of q and u.
4
Let j = -30 - -35. What is the highest common factor of j and 1?
1
Suppose -3*r = -r - 90. Suppose -8 = 4*f + 2*n, f = 3*f - n. Let d be (r/(-12))/(f/16). Calculate the highest common factor of d and 12.
12
Suppose -4*k - 4*b = -44, 2*k + k - 5*b = 17. Calculate the highest common divisor of k and 12.
3
Suppose 0*v = -2*v + 48. What is the greatest common divisor of 3 and v?
3
Let p(w) = 2*w + 2. Let i be p(2). Calculate the greatest common divisor of i and 24.
6
Let k = 20 + -8. Calculate the highest common factor of k and 3.
3
Let g = -49 - -89. Calculate the greatest common factor of g and 5.
5
Suppose -3*u + 4*o + 50 = 0, 0 = 3*u - 4*o + o - 51. Let l be 1 - u/(12/(-4)). What is the highest common divisor of 14 and l?
7
Let h = 30 - 25. Calculate the highest common divisor of 65 and h.
5
Let j = -58 + 82. Calculate the highest common divisor of j and 16.
8
Suppose 2*f - 42 + 13 = -i, 3*f = 15. What is the greatest common factor of 133 and i?
19
Let f(w) be the third derivative of -5*w**4/12 + w**3/6 + 2*w**2. Let o be f(-5). What is the highest common factor of o and 34?
17
Let s = -34 + 56. Suppose 5*w = s + 23. Let d = -18 + 36. Calculate the highest common divisor of d and w.
9
Suppose -k - 2 = 4*c - 0, 2*c - 2 = k. Suppose c*t + 105 = 5*t. What is the greatest common divisor of t and 189?
21
Suppose -4*p + 903 + 285 = 0. Calculate the greatest common factor of 33 and p.
33
Let o = -4 - -7. Suppose 3*u - 8*u + 165 = 0. What is the highest common divisor of o and u?
3
Let p(f) = f**3 + 5*f**2 + 4*f - 1. Let a be p(-3). Let n(w) = 9*w - 4. Let g be n(1). Calculate the greatest common factor of a and g.
5
Suppose 4*c + 5*p - 47 = 13, 0 = -4*c + 2*p + 88. Suppose 0 = 3*d + 3*k + k - c, 4 = 2*k. Calculate the highest common factor of 12 and d.
4
Let x(a) = -2*a + 4*a**2 + 4*a - a**2 - 1 - 3*a. Let l be x(-2). Calculate the highest common divisor of l and 39.
13
Suppose 3*c - 6 = c + 2*m, -4*c = -2*m - 20. What is the greatest common divisor of c and 70?
7
Let z = 136 - 61. What is the highest common factor of z and 30?
15
Suppose -5*s + 209 = -61. Suppose 6 = r - 5*b + 3, 2*r - 45 = -3*b. Calculate the greatest common divisor of r and s.
18
Suppose -12*y = -13*y + 31. What is the greatest common divisor of y and 1?
1
Suppose -84*d + 91*d - 98 = 0. What is the greatest common divisor of d and 224?
14
Let z(n) = n**2 + 13*n + 21. Let b be z(-10). Let f be ((-2)/4)/(b/90). Calculate the highest common factor of 45 and f.
5
Let b(w) = -w - 1. Let f(k) = 2*k. Let g be f(-1). Let l be b(g). What is the greatest common factor of l and 1?
1
Let o(l) = -l**2 + 11*l + 16. Let i be o(11). Calculate the highest common factor of 176 and i.
16
Suppose 100 = 3*t + 2*g, t = 4*t + 5*g - 115. Let o be (-27)/(2 + (-2 - -1)). Let d = o + 39. What is the highest common factor of t and d?
6
Let c = 196 + -176. Calculate the greatest common divisor of 100 and c.
20
Let t(m) = -m + 9. Let h be t(5). Let s be (h/(-10))/((-13)/2015). Calculate the greatest common divisor of 93 and s.
31
Suppose -3*q - p = -18, 2*q - 4*p - 15 - 11 = 0. Calculate the greatest common factor of q and 35.
7
Let k = -101 - -114. Let i(n) = 3 - 2 - 3*n**2 + 4*n**2 - 12*n. Let j be i(k). Calculate the greatest common factor of 126 and j.
14
Suppose 4*l = 2*l - 14. Let c = 0 - l. What is the greatest common factor of c and 21?
7
Suppose 0 = -3*x + 1 + 2. Let a = x + -5. Let t be a/6 + (-15)/(-9). Calculate the highest common factor of 1 and t.
1
Suppose -3*n - 2*n = -t + 74, 4*n = -3*t + 184. Calculate the highest common divisor of 8 and t.
8
Let l = 179 - 91. What is the greatest common divisor of l and 11?
11
Let a = -4 + 9. Suppose -12*b + 85 = 13. Let k be 12/a + b/(-15). What is the greatest common divisor of k and 18?
2
Let m be (-3 + 26/6)*-3. Let f = 7 + m. Suppose -f*g - 4*t = -106, 2*g = -3*t + 3 + 66. Calculate the highest common factor of 63 and g.
21
Let j(g) = 4*g - 22. Let w be j(17). Calculate the highest common divisor of 69 and w.
23
Let t be (-8 - -4)*(1 - 13). Let n = 14 + 41. Suppose -5*v + n = 4*a - 3*a, a - t = 2*v. What is the greatest common factor of a and 5?
5
Suppose 21 = -j + 4*j. Calculate the greatest common factor of j and 7.
7
Let r = 34 - 14. Calculate the greatest common divisor of r and 4.
4
Suppose 5*t - 13 = 27. Suppose 0 = 5*l - t - 2, -3*l = 2*g - 12. Let h be g/(-3) - 91/(-1). Calculate the greatest common factor of 10 and h.
10
Suppose -5*i + 15 = -2*i. Suppose 4 = i*n - n. Let c(v) = -v - 10. Let a be c(-15). What is the greatest common factor of n and a?
1
Let l = -20 + 12. Let k be (l - -4) + (0 - 1). Let g be 11/(-2)*(k + 1). What is the highest common divisor of g and 11?
11
Suppose -2*q - 213 = -2*h - q, 0 = -h - 2*q + 94. Suppose -3*r = -2*r - h. Suppose -x = -0*x - r. Calculate the highest common factor of x and 13.
13
Suppose 5*o + 3*g - 6*g - 3 = 0, -5*g = 4*o + 5. Suppose 0 = -4*c + 2*z - 4*z + 40, -3*c - 4*z + 20 = o. What is the highest common factor of 60 and c?
12
Let j = 364 - 226. Let x = -117 + 140. What is the greatest common factor of x and j?
23
Let j be 3 + -5 + 205 + 0. What is the highest common factor of 29 and j?
29
Let x = -18 - -33. What is the highest common divisor of 45 and x?
15
Let a(p) = p**2 + p. Let z be ((-8)/3)/4*12. Let j be a(z). Calculate the highest common factor of j and 7.
7
Suppose 3*c + 9 = -3*o, 5*c + 31 = 3*o - 0*c. Calculate the greatest common factor of o and 10.
2
Let m(h) = -h + 2. Let r be m(-3). Suppose -r*n = -0*n - 25. Let a = -9 + 24. What is the highest common divisor of n and a?
5
Suppose 0 = 2*q - 1 - 3. Suppose 0 = -o + 4 - 2. Suppose o*m - 20 = -2*a, q*m - 5*m + 26 = a. What is the highest common divisor of 2 and m?
2
Suppose -4*b = b + 5*o - 60, 20 = -4*o. Let r = 12 - b. Let x(a) = a**3 + 8*a**2 + 6*a - 3. Let t be x(r). Calculate the highest common factor of t and 28.
14
Let p be (6/(-5))/(3/(-45)). Calculate the highest common divisor of p and 6.
6
Let g(s) = s**3 + 3*s**2 + 2. Let r be g(-2). Suppose 0 = -3*y + 4*y - r. What is the highest common divisor of 42 and y?
6
Let l be 0 - (-1)/(1/6). Suppose -3*d + l*d = 198. Suppose -o = o - d. Calculate the greatest common factor of 3 and o.
3
Suppose -i - 2*x = -x - 108, -114 = -i - 3*x. Calculate the highest common factor of 15 and i.
15
Suppose 5*c - 415 = 4*p + p, -2*c + 4*p + 172 = 0. Let k = 0 - -10. Calculate the greatest common divisor of c and k.
10
Let v(x) = -x - 12. Let g be v(-12). Let n be (g - 1) + 2 + 1. What is the highest common divisor of 22 and n?
2
Let b(v) = 2*v - 1. Let g be b(5). Let j(x) = 2*x + 59. Let k be j(11). What is the greatest common divisor of g and k?
9
Suppose -4*w - 1 = s - 6, -2*s = 3*w - 5. Let n be 4 - (1 + 0 + w). Let q be 1*(1 - n) - -71. What is the highest common factor of 28 and q?
14
Let h be (-3)/(-12) - (-93)/12. Calculate the highest common factor of 1 and h.
1
Let y be 3/9 - (-10)/(-3). Let a(t) be the first derivative of -23*t**2/2 + 3*t - 1. Let w be a(y). What is the highest common factor of 9 and w?
9
Suppose 0 = -4*n + 2*n + 112. Let i be 3 + (2 - 0 - 3). Suppose -i*m = -m - n. What is the highest common divisor of m and 14?
14
Let m be (8/(-36))/(4/(-9))*60. Calculate the greatest common factor of m and 2.
2
Suppose 7*a - 2*a - 5 = 0. Let q(b) = 12*b**2 - a + 15*b**2 - 2*b - 2*b**2. Let d be q(-1). What is the highest common factor of d and 65?
13
Suppose 2 = 2*t - 2. Suppose -3*r - 180 = t*r. Let i = -19 - r. What is the highest common factor of 187 and i?
17
Let l be -16*(-5)/50 + 8/20. What is the greatest common factor of 22 and l?
2
Suppose 2*p + 2*t - 50 = 0, 8*p - 3*t = 5*p + 81. What is the highest common factor of 52 and p?
26
Let w = -2 - -2. Suppose l + l - 6 = w. Suppose -l*v + 320 = 2*v. What is the highest common fact